-6)/(-9). Let c = 120 - k. Calculate the remainder when c is divided by j.
19
Let k(g) = -7*g**3 - 5*g**2 - 5*g + 20. What is the remainder when k(-4) is divided by 69?
63
Let r be (-1)/(-4)*-35*4. Let i = r + 149. Suppose 0 = 3*w - t - 0*t - 82, -2*w = 3*t - 73. What is the remainder when i is divided by w?
27
Suppose -2*t + 7 + 15 = 0. Let g = 117 + -72. What is the remainder when (3/1 - 5) + g is divided by t?
10
Suppose -9*b = -66 - 15. What is the remainder when 71 is divided by b?
8
Suppose 5*y + 621 - 2401 = 0. Calculate the remainder when y is divided by 72.
68
Let r be (-1)/(2*2/48). Calculate the remainder when 3 + (-3)/(r/28) is divided by 6.
4
Let j(l) = -3*l - 19. Let z(w) = 3*w**2 + 4*w - 9. Calculate the remainder when z(-4) is divided by j(-9).
7
Calculate the remainder when 65 is divided by ((-150)/40)/((-20)/192).
29
Suppose -3*w + 66 = 3*w. What is the remainder when 29 is divided by w?
7
Let i = 17 + -13. Suppose -f - z + 63 = 2*z, i*z = 2*f - 86. Suppose -4*t - 16 = 0, c + t = -t + 18. Calculate the remainder when f is divided by c.
25
Let f(z) = 2*z**2 - 15. Suppose -3*c - 2*t + 39 = 2*c, -18 = -3*c - 3*t. Calculate the remainder when f(5) is divided by c.
8
Let i = 3 + -3. Suppose 4*w - 6*w + 18 = i. Calculate the remainder when 24 is divided by w.
6
Let l be (3 - (2 + 4)) + -2. Let z(u) be the third derivative of u**5/30 + u**4/4 - 2*u**3/3 + 2*u**2. What is the remainder when 47 is divided by z(l)?
15
Let a(g) = -310*g**3 + 16*g + 16. Calculate the remainder when a(-1) is divided by 13.
11
Suppose p + 2 = 6. Suppose 2*l + p*g = 120, 5*g + 285 = 4*l + l. Let f(t) = 6*t - 372. Calculate the remainder when l is divided by f(64).
10
Let m = -5 - -7. Suppose -5*r + m*q + 260 = -3*q, 5*q = -20. Calculate the remainder when r is divided by 17.
14
Let y = 17 + 4. Suppose -l = -n - 47, 112 = 2*l - 2*n + 6*n. What is the remainder when l is divided by y?
8
Suppose 5*v + 4*u - 178 = 0, 4*v - u - 81 = 74. What is the remainder when 152 is divided by v?
0
Let k(u) = u. Let x be k(2). Suppose 0 = -s + 6*s - 4*b - 274, 0 = 4*s + x*b - 214. What is the remainder when s is divided by 28?
26
Suppose 4*q + 240 = 16*q. Suppose 43 = 3*j - q. What is the remainder when 34 is divided by j?
13
Suppose -37*q + 1198 = -2169. Calculate the remainder when q is divided by 32 - 0 - (0 + 1).
29
Let i = 290 - 275. Calculate the remainder when 43 is divided by i.
13
Let o(w) = w**2 - 6. Suppose -46 = -4*u + 74. Let k be (-80)/u*6/4. Calculate the remainder when 17 is divided by o(k).
7
Let j = 6 + -5. Let s be 17 + 1482 + j/1. Calculate the remainder when 6/5*s/40 is divided by 24.
21
Let k = -132 - -68. What is the remainder when ((-46)/(-8))/((-8)/k) is divided by (-6)/(2*-1) - (4 - 13)?
10
Suppose 0*c + c - 5 = 3*h, 0 = -h - 2*c - 11. Let p = h - -6. Suppose 2*d = 3*s - 5, 5*s - p*d = -d + 11. What is the remainder when 3 is divided by s?
0
Suppose -5*o + 50 + 0 = 0. What is the remainder when 28/(-35) - (-94)/5 is divided by o?
8
Suppose -3*l - 4*s = -14, 2*s + 4 = l + 3*s. Suppose -3*x - l*x = h + 34, -2*h - 4*x = 50. Let d = 59 + h. What is the remainder when d is divided by 14?
12
Let g = 10 + -8. Suppose -3*w + 5*f = -2 - 8, -5*f - 5 = -g*w. Suppose 5*z = -5*x + 30, -w*x - z = -0*z - 26. What is the remainder when x is divided by 3?
2
Suppose p = -10*p + 990. Calculate the remainder when 535 is divided by p.
85
Suppose -4*k + 5 = n + 3, 3*n - 6 = 2*k. Calculate the remainder when 49 is divided by (18/(-27))/(n/(-51)).
15
Let b(x) = 19*x**2. Let w = 820 + -747. What is the remainder when w is divided by b(-1)?
16
Let i be (-26)/(-8) + 27/36. Suppose -12 = i*d - 4. Let w = 2 - d. Calculate the remainder when 9 is divided by w.
1
Let p(h) = -3*h - 4. Suppose -19*y - 28 = -22*y - 2*m, 20 = 5*y - 2*m. Calculate the remainder when p(-4) is divided by y.
2
Suppose -87 + 255 = 3*p. Let v = 63 - 29. What is the remainder when v is divided by 6/(-7)*p/(-4)?
10
Suppose 37*z - 4860 = z. Let m = -18 - -41. Calculate the remainder when z is divided by m.
20
Let p = 87 + 158. Calculate the remainder when p is divided by 64.
53
Suppose 4*w - 204 = 692. What is the remainder when w is divided by 30?
14
Let f = -18 - -52. Calculate the remainder when 154 is divided by f.
18
Let m(k) = k**3 + 3*k**2 - 2*k. Let a = 62 + -60. Calculate the remainder when 95 is divided by m(a).
15
Let d = -5 - -30. Let n = -17 + d. Calculate the remainder when 4/22 - (-458)/22 is divided by n.
5
Let r = -172 + 177. What is the remainder when 19 is divided by r?
4
Let k(r) = r**2 - 37*r - 494. Let v = 248 + -149. What is the remainder when v is divided by k(-11)?
31
Suppose -7*r + 9*r = 530. Suppose -5*z = c - 265, -z - 4*z = 4*c - r. What is the remainder when 264 is divided by z?
52
Let x = -84 - -86. Suppose 0 = -x*l - 8 + 16. What is the remainder when ((-28)/(-10))/(2/10) is divided by l?
2
Let q be 19/2 - 21/(-14). Suppose 0 = 4*j + 4*u - 2 - 14, 4*j - q = u. What is the remainder when 4 is divided by j?
1
Suppose -3*u = -4*s + 65, -3*s + 9 = 5*u - 47. Let k(h) = -s + 19 - 24 - 6*h. Calculate the remainder when k(-13) is divided by 20.
16
Suppose 0 = 5*f - 3*j - 1949, -3*f + 9*f - j - 2331 = 0. Calculate the remainder when f is divided by 39.
37
Suppose 4*d + 5*i = d + 383, 0 = -2*d + 4*i + 226. Let f = -54 + d. Suppose 2*n - 56 = -2*n. Calculate the remainder when f is divided by n.
11
Suppose -14*u = -3*u - 253. What is the remainder when 711 is divided by u?
21
What is the remainder when 48 is divided by ((-130)/15 - -9)*(-1 + 43)?
6
Let f = -90 + 142. Suppose 5*i = 2*y - 0*i - 69, 2*i = 3*y - 87. Calculate the remainder when f is divided by y.
25
Suppose 2*h = 4*k + 510, -5*k + 994 = 13*h - 9*h. Calculate the remainder when h is divided by 94.
63
Let c be 1 - (-1 + 2)/(-1). Suppose 0 = -c*p + 56 + 12. Suppose -49*d - 41 + 629 = 0. Calculate the remainder when p is divided by d.
10
Let h = 2 + 28. Let f(u) = u**2 - 16*u + 64. Let w be f(8). Suppose 3*x - 3*s = 2*s + 18, w = -5*x - 2*s + h. What is the remainder when 22 is divided by x?
4
Suppose 1 = x - 0*x, -4*g - 5*x + 349 = 0. What is the remainder when g is divided by 165/30*(0 - -4)?
20
Suppose 5*p + 2*a = 3*p + 80, 5*a = -3*p + 124. Calculate the remainder when 112 is divided by p.
36
Let p(a) = a**3 + 2*a**2. Let h be p(-2). Suppose w + h = 7. What is the remainder when w is divided by 5?
2
Suppose 0 = 2*f - 1 - 25. Suppose -299 = -3*q - 29. Calculate the remainder when q is divided by f.
12
Let c(v) = v - 1. Suppose 5*s + 5*f = -195, -2*s + 2*f = -0*f + 74. Let u be s/(-14) + (-2)/(-7). What is the remainder when 6 is divided by c(u)?
0
Suppose 9*n - 546 = -5*n. Calculate the remainder when 112 is divided by n.
34
Suppose -683 = -w + 2*p, -413 - 968 = -2*w - p. What is the remainder when w is divided by 10?
9
Suppose -q = 5*k - 56, -5*k = -2*k + 3*q - 36. Let c(d) = d**3 + 13*d + 19. What is the remainder when c(0) is divided by k?
8
Suppose -5*q = 2*o - 14, o - 1 = -4*q + 9. Let w be (-99)/(-22) + (-1)/q. Suppose 0*p = -w*p + 152. What is the remainder when p is divided by 13?
12
Let k = 2461 - 2423. Calculate the remainder when 1289 is divided by k.
35
Let o = -1648 - -1671. What is the remainder when 106 is divided by o?
14
Let j = 337 + -308. What is the remainder when 111 is divided by j?
24
Let f be 211 - (2 - 3) - (3 + 1). Suppose -r + 4*y + f = 4*r, y - 179 = -4*r. What is the remainder when 84 is divided by r?
40
Suppose -3*f + 3 = 0, -11 = 4*o + 5*f - 28. Suppose 0 = -o*m - 4*b + 19, -5*m + m + 30 = 3*b. What is the remainder when m is divided by 5?
4
Suppose 16*f = f. Let c(a) = -a**3 - 2*a**2 + 2*a + 25. What is the remainder when c(f) is divided by 16?
9
Let h = 15 + 6. What is the remainder when 40 is divided by h?
19
Let x(w) = w**3 + w**2 + 6*w + 14. Calculate the remainder when 83 is divided by x(0).
13
Let f = 136 - 78. Let d = 82 - f. Calculate the remainder when d is divided by 11.
2
Suppose -5*n = 8 + 2. Calculate the remainder when 52 is divided by 2*-1 + n + 31.
25
Suppose -7*b + 221 + 1480 = 0. Calculate the remainder when 489 is divided by b.
3
Suppose 405 + 71 = 7*q. Calculate the remainder when q is divided by 14.
12
Let l = -43 - -42. Let u(h) = -50*h**3 + h**2 + h - 1. Let b(i) = -1